t p be (-3 - -2)/((-2)/g). Calculate the highest common factor of p and 6.
6
Let q(o) = -o**2 + 4*o + 14. Let a be q(6). What is the highest common factor of a and 14?
2
Suppose 0 = 13*i - 16*i + 1797. Let p(t) = -t. Let r be p(-3). Suppose 5*w + 169 = f, 5*f + r*w - i = 162. What is the greatest common divisor of f and 14?
14
Let l be (-23)/(-4) - 2/(-8). Let v be -2*(-21)/(-6) - 2. Let n = v - -27. What is the greatest common factor of l and n?
6
Let h(y) = y**3 - 6*y**2 + 2*y + 4. Let n be h(6). Let p be n/6*(2 + 1). What is the greatest common factor of 4 and p?
4
Suppose 0 = g + g + u - 38, -g = -5*u - 41. Calculate the greatest common factor of g and 7.
7
Suppose 144*n - 150*n + 150 = 0. Calculate the greatest common factor of n and 125.
25
Let d(n) = 7*n**2. Suppose -4 = -0*m - m. Let u = -5 + m. Let v be d(u). Calculate the highest common factor of 21 and v.
7
Let u(w) = w**3 - 15*w**2 + 2*w - 18. Let k be u(15). What is the highest common factor of 18 and k?
6
Suppose 2*z = -2*z - 12. Let o be (-9)/(-2)*(5 + z). Calculate the highest common divisor of 18 and o.
9
Let t be 6/(12/56 - 0). Suppose -5*j + 5 = -15. Suppose -2*m = -4*v + 56, -j*v + 28 = -2*v + m. What is the greatest common divisor of t and v?
14
Let c = -6 - -8. Suppose -2*b = 2*p, 6*p + c = 3*p - 4*b. What is the greatest common factor of 16 and p?
2
Let p(c) = 12*c**2. Let s be 2 - (-2 + -3 - -2). Suppose -n - 2*h + 5 = 0, 2 = n - 2*h + s. Let y be p(n). Calculate the highest common factor of 132 and y.
12
Suppose 4*p - 2 = 34. Suppose p = q + 21. Let k be (9/q + 0)*-40. What is the highest common factor of k and 6?
6
Suppose 0 = 4*n - d - 602, -2*d + 135 = 2*n - 161. Calculate the greatest common factor of 60 and n.
30
Suppose -y - y + 10 = 0. Suppose r - 134 = -20. Suppose -r - 161 = -5*b. What is the greatest common divisor of y and b?
5
Let h(i) = i**3 + i + 15. Let k be 1 + -2 + 4 + -3. Let v be h(k). What is the greatest common factor of v and 15?
15
Let r be 1*((-20)/(-2))/(-2). Let m be 2*(r/(-2) - 1). Suppose -m*g + 2 = -4. What is the greatest common factor of g and 18?
2
Let t be (-64)/(-12)*(-3)/(-2) - -2. Let r = -55 + 105. What is the greatest common factor of t and r?
10
Let r be ((-36)/10)/(1/(-35)). Let k be ((-4)/6)/((-12)/r). Let o = 28 + -7. What is the highest common divisor of k and o?
7
Let c = 1 + 14. Let n(l) = -12*l + 3. Let k be n(-6). Calculate the greatest common divisor of c and k.
15
Let d = 7 + -8. Let y(s) = -84*s. Let x be y(d). What is the greatest common factor of x and 14?
14
Suppose 4 = q - 0. Let m(g) = 2*g - 3. Let w be m(q). What is the greatest common divisor of w and 20?
5
Let c be (-2 - -3)/(-1) - -3. Calculate the highest common factor of c and 3.
1
Let i be (123 - 2) + 3/(-3). What is the highest common divisor of 20 and i?
20
Suppose -56 = -w - 3*w. Let t be (1 - -1) + -3 - -29. Calculate the greatest common factor of w and t.
14
Suppose -20 = -5*u, -2*m = u - 3*u + 64. Let g = m + 48. What is the greatest common divisor of 10 and g?
10
Let t = 7 + -5. Suppose a - 231 = -t*a. What is the highest common divisor of 11 and a?
11
Let g(r) = -5*r. Let c be g(-1). Suppose -c = -3*u + 4. What is the greatest common factor of 1 and u?
1
Let p = 101 - 47. Let x = 14 - -4. What is the greatest common divisor of x and p?
18
Suppose -f + 4*i + 95 = 0, 3*f + i - 285 = -0*i. What is the greatest common divisor of f and 19?
19
Suppose 3*h + 6 = 2*t - 0*h, 15 = 5*t + h. Calculate the greatest common divisor of t and 9.
3
Suppose 0 = -4*m + 5 - 1. Let z = 4 + m. Suppose -38 = -z*i + 12. Calculate the highest common divisor of 10 and i.
10
Suppose 0*a + 5*a - 5*d = -5, -7 = -3*a + 5*d. Let o(m) = -m**2 - 14*m - 3. Let y be o(a). Calculate the greatest common divisor of 30 and y.
15
Let k = -25 + 38. What is the highest common factor of 39 and k?
13
Let i(t) = 4*t**2 - t. Let q be i(-1). What is the highest common divisor of 85 and q?
5
Let k be (10/8)/((-1)/4). Let x(d) = 4*d + d + 2*d**2 - 360 + d + 361. Let t be x(k). Calculate the highest common factor of 168 and t.
21
Let h(n) = -3*n - 24. Let q be h(-14). What is the greatest common factor of q and 18?
18
Let g(h) = 21*h + 6. Let i be g(3). Calculate the highest common divisor of 23 and i.
23
Let t(n) = n**2 + 2*n - 5. Let a be t(5). Let p(o) = 18*o + 1. Let g be p(-1). Let w = g + 29. What is the greatest common divisor of w and a?
6
Let q = 17 + -9. Suppose -s + q = 2*z, -5*s - z - z + 8 = 0. Suppose -o + 32 = -s*o. What is the highest common divisor of 4 and o?
4
Suppose -2 - 14 = -4*q. Suppose -2*k = 1 - 3, 0 = j + q*k - 28. Calculate the highest common factor of 8 and j.
8
Suppose 59 = 3*d - 373. Calculate the highest common factor of 9 and d.
9
Suppose -l - 4*l = -420. Suppose y - 3*y = -l. Suppose 33 = 4*m + 9. What is the highest common factor of m and y?
6
Let u = -6 + 10. Suppose -4 = -u*f + 4. Suppose 28 = 4*y + 4*p, -2*y + 7*y + 2*p - 29 = 0. Calculate the highest common divisor of f and y.
1
Let f(x) = 4*x + 1. Let g be f(2). Let l = -7 + 13. Calculate the highest common divisor of g and l.
3
Let j(u) be the second derivative of -u**4/12 - 5*u**3/2 - 5*u**2 + u. Let z be j(-10). Calculate the greatest common divisor of z and 8.
8
Let p(t) = 4*t**2 + 3*t - 6. Let o be p(2). What is the highest common divisor of 2 and o?
2
Let s(b) = 2*b + 1. Let x(i) = -i**3 + i + 4. Let l be x(0). Let p be s(l). Suppose -2*m = -17 - 19. What is the highest common divisor of m and p?
9
Suppose 0 = k - 4*k + 12. Let v be 180/(-2)*(-4)/k. Calculate the greatest common factor of 10 and v.
10
Let n(m) = -m**3 - 4*m**2 + 3*m - 2. Let l be n(-5). What is the highest common divisor of 88 and l?
8
Suppose -6*a - 420 = -3*h - 2*a, -529 = -4*h - 5*a. Let y be (4/2)/(4/34). What is the greatest common factor of h and y?
17
Let b = -4 + 8. Suppose 225 = -z + b*z. Calculate the greatest common factor of z and 15.
15
Let p = -154 - -244. Calculate the highest common divisor of 10 and p.
10
Let d(m) = 8*m + 3. Let i be d(4). Let y be -9*((-20)/6 - -3). Suppose 0*z = -y*z + 3*j + 3, -4*z = -j - 16. Calculate the highest common divisor of z and i.
5
Let u(d) = d**3 + 20*d**2 - 45*d - 4. Let o be u(-22). What is the greatest common factor of o and 2?
2
Suppose 3*f - 6*f + 72 = 0. Suppose f*g = 25*g - 112. What is the greatest common divisor of g and 14?
14
Let f = 82 + -59. What is the greatest common factor of 23 and f?
23
Let u = -49 + 70. Suppose -4*t = -5*k - 331, 2*t - 4*k - 164 = -0*t. What is the greatest common factor of u and t?
21
Let k = 472 + -127. Suppose -8*u + 3*u + k = 0. Suppose -4*h - a + 187 = 0, 5*a - a - 242 = -5*h. What is the greatest common divisor of h and u?
23
Let a(h) = 2*h - 24. Let o be a(14). What is the highest common factor of 32 and o?
4
Suppose 3*n - 134 = n + 2*b, 3*n - 211 = b. Calculate the greatest common factor of n and 9.
9
Let k be (-60)/12 - (2 + -16). Calculate the greatest common factor of k and 18.
9
Let q be (9*2)/((-3)/(-9)). Let o be (-18)/((6/4)/(-3)). Calculate the highest common divisor of o and q.
18
Let j = 16 + -6. Suppose s + 60 = 3*s. What is the highest common factor of j and s?
10
Let p = 31 - 24. Calculate the highest common divisor of p and 77.
7
Let u be 55/3 - (-1)/(-3). Suppose -u + 2 = -4*q. Suppose 5*k - i - 83 = -13, q*i = 0. Calculate the greatest common factor of k and 2.
2
Suppose 3*o + o = 5*x - 4, -2*o = -4*x + 8. Let i(d) = d**3 + 5*d**2 - 8*d - 4. Let k be i(-5). What is the highest common factor of x and k?
4
Suppose -6*n + 5*n + 4 = 3*j, 0 = 5*n - 3*j - 92. Suppose -5*p - 2*d + 710 = 0, 4*d + 313 = 2*p - d. Calculate the highest common factor of n and p.
16
Let f be 4*(-69)/(-6) + -1. Calculate the greatest common divisor of f and 9.
9
Let c(g) be the second derivative of -11*g**3/6 - g**2/2 + 3*g. Let v be c(-1). What is the highest common factor of v and 10?
10
Suppose -4*f + 71 = 7. Calculate the greatest common divisor of f and 80.
16
Suppose -2*x + 6 = x. Let u be 24/4 - x/1. What is the greatest common factor of u and 8?
4
Let h be 3/(-1*(-9)/12). Suppose -2*x - h = u, 4*x - 6 + 18 = -u. Suppose 19 = u*f - 53. Calculate the highest common factor of 144 and f.
18
Let v be 10/(-4)*(-11 - -1). Calculate the highest common facto